9. Give p(16).
-9
Let z(o) = o**3 + 27*o**2 - 33*o - 146. Give z(-28).
-6
Let z(v) = v**2 - 2*v + 24. Calculate z(0).
24
Let g(h) = h**3 - 19*h**2 + 24*h - 41. Determine g(18).
67
Let l(q) = q**2 - 71. Give l(8).
-7
Let s(x) = -3*x**3 + 2*x**2 + 1. Calculate s(2).
-15
Let o(z) = -z. Give o(-2).
2
Let z(s) = 6*s**2 - 10*s + 6. What is z(5)?
106
Let b(o) = -o**3 - 16*o**2 - 8*o - 24. Determine b(-16).
104
Let m(k) = -k**2 + 16. Calculate m(3).
7
Let h(p) = p**2 - 11*p + 25. What is h(5)?
-5
Let q(c) = 17*c + 41. Give q(-5).
-44
Let p(t) = -t**3 + 3*t**2 + 2*t + 5. Give p(4).
-3
Let t(q) = q**2 + 26*q + 113. Calculate t(-18).
-31
Let i(h) = 14*h + 21. Give i(-2).
-7
Let k(r) = 4*r + 53. Give k(-14).
-3
Let b(y) = -y**3 + 2*y**2 + 15*y + 12. Give b(5).
12
Let r(h) = -2*h. Give r(6).
-12
Let n(m) = m**2 + 20*m + 48. Calculate n(-7).
-43
Let l(r) = -r**3 + 4*r**2 + 4*r + 20. Determine l(6).
-28
Let b(a) = 3*a + 38. What is b(0)?
38
Let a(j) = j + 1. Determine a(3).
4
Let d(n) = n**3 + 8*n**2 - 9*n + 3. Determine d(-9).
3
Let o(k) = -k**2 - 2*k. Calculate o(0).
0
Let m(c) = c**3 - 31*c**2 + 186*c - 15. Calculate m(8).
1
Let k(i) = 217*i + 213. Give k(-1).
-4
Let m(w) = w**3 - 1. Give m(0).
-1
Let l(p) = -16*p - 145. Give l(-9).
-1
Let i(b) = -b**2 + 9*b - 1. Calculate i(0).
-1
Let z(i) = -i**3 + 39*i**2 - 73*i - 47. Calculate z(37).
-10
Let k(t) = t**2 - 3*t + 1. Give k(7).
29
Let k(y) = -y**2 - 5*y + 37. Calculate k(-9).
1
Let v(m) = -m + 4. Determine v(19).
-15
Let d(z) = -7*z - 83. Determine d(-5).
-48
Let r(j) = -28*j**3 + j + 1. Give r(-1).
28
Let h(j) = -j**3 - j**2 + 2*j - 6. Calculate h(2).
-14
Let n(w) = 2*w**3 - 15*w**2 - 2*w + 8. Determine n(7).
-55
Let a(y) = y**3 - 17*y**2 + 17*y - 15. Determine a(16).
1
Let t(n) = -4*n**3 + 8*n - 6. What is t(2)?
-22
Let r(g) = 6*g + 79. Calculate r(4).
103
Let g(n) = n**3 - 15*n**2 + 26*n - 6. Determine g(13).
-6
Let j(i) = 20*i**2 - 3*i + 2. Calculate j(1).
19
Let w(s) = s**2 - 4*s - 6. What is w(6)?
6
Let l(a) = 11*a + 1. Calculate l(4).
45
Let s(y) = 6*y**3 - 2*y - 1. Calculate s(-2).
-45
Let b(u) = -3*u**2 - 4*u + 1. Give b(-3).
-14
Let v(s) = s + 5. Give v(-7).
-2
Let v(p) = -14*p - 15. Calculate v(-1).
-1
Let s(l) = -l**3 + 7*l**2 + 7*l + 3. What is s(9)?
-96
Let p(j) = -3*j - 5. Give p(-3).
4
Let a(g) = -g**2 + 5*g + 3. What is a(5)?
3
Let b(d) = -d**2 - 3*d - 3. Determine b(-4).
-7
Let m(z) = z**2 - 83*z + 1258. What is m(63)?
-2
Let s(h) = h**3 + 2*h**2 - 3*h - 9. Calculate s(-2).
-3
Let l(g) = -2*g**3 - 40*g**2 - 24. Calculate l(-20).
-24
Let g(h) = -3*h**2 + 19*h - 11. Calculate g(6).
-5
Let k(r) = r**3 + 4*r**2 + 2*r + 12. Calculate k(-5).
-23
Let w(z) = -z + 24. Give w(13).
11
Let d(z) = 2*z**3 + 7*z**2 + 5*z. Give d(-3).
-6
Let z(s) = 42*s**2 - 1. Give z(-1).
41
Let n(h) = 10*h + 45. Give n(-4).
5
Let z(q) = 18*q - 85. Give z(5).
5
Let q(i) = 8*i + 50. Calculate q(-7).
-6
Let n(c) = -3*c**2 - 2*c + 3. Calculate n(-3).
-18
Let b(w) = 2*w**2 - 2*w - 3. What is b(4)?
21
Let w(z) = z**3 + 7*z**2 + 7*z + 5. What is w(-6)?
-1
Let q(s) = -2*s**3 + 23*s**2 - 12*s + 11. Calculate q(11).
0
Let h(d) = d**3 - 19*d**2 + 23*d - 55. Give h(18).
35
Let z(j) = 3*j - 4. Determine z(7).
17
Let r(a) = 3*a + 49. Give r(-12).
13
Let t(a) = -5*a - 31. Give t(-5).
-6
Let f(o) = -o**3 + 17*o**2 - o + 22. Calculate f(17).
5
Let y(k) = 7*k**3 + 2*k**2 - 1. Calculate y(1).
8
Let b(o) = 2*o**2 - 6*o + 2. Calculate b(4).
10
Let s(i) = -4*i - 2. What is s(-2)?
6
Let f(s) = -s**3 + 6*s**2 + 11*s - 8. Calculate f(7).
20
Let g(z) = z**3 - 8*z**2 + 2*z - 10. Give g(7).
-45
Let o(x) = -x + 6. Determine o(0).
6
Let r(d) = -18*d + 209. Determine r(11).
11
Let f(h) = -2*h**3 - 83*h**2 + 41*h - 51. Calculate f(-42).
-9
Let a(o) = o**3 - 9*o**2 + o - 10. What is a(9)?
-1
Let c(r) = -r**3 - 11*r**2 + 7*r - 11. What is c(-11)?
-88
Let s(z) = 4*z**2 + 8*z + 10. Calculate s(-4).
42
Let h(b) = -b**3 + 3*b**2 + 19*b - 9. What is h(6)?
-3
Let m(s) = 28*s - 107. Determine m(4).
5
Let t(o) = o - 15. What is t(7)?
-8
Let t(h) = h**3 - 8*h**2 - h + 12. Determine t(8).
4
Let f(o) = o**2 + 15*o + 23. What is f(-13)?
-3
Let l(q) = 5*q + 4. What is l(-4)?
-16
Let j(t) = 2*t + 2. Give j(5).
12
Let o(r) = r - 7. Calculate o(-6).
-13
Let j(m) = 4*m + 25. Determine j(-6).
1
Let r(g) = -3*g**3 - 21*g**2 - 25*g - 39. Give r(-6).
3
Let c(a) = a**3 - 3*a**2 - a - 3. What is c(4)?
9
Let m(k) = -k**2 + 51*k + 148. Give m(-3).
-14
Let i(h) = -h**2 + 7*h - 3. Give i(5).
7
Let l(p) = -24*p + 537. Determine l(22).
9
Let j(p) = -p**2 + 9*p + 3. Determine j(4).
23
Let y(s) = s**3 + 11*s**2 + 12*s + 4. Calculate y(-10).
-16
Let k(c) = c**3 + 8*c**2 + 10*c - 11. What is k(-5)?
14
Let t(f) = 18*f - 2. Determine t(-3).
-56
Let g(m) = -m - 11. Determine g(-18).
7
Let a(h) = -h**3 - 5*h**2 - 39. What is a(-6)?
-3
Let g(s) = s**3 + 8*s**2 + 4*s - 12. Calculate g(-7).
9
Let w(v) = -v**2 - v + 3. Give w(2).
-3
Let p(v) = 12*v - 105. Give p(9).
3
Let t(l) = -5*l - 12. What is t(12)?
-72
Let j(k) = -k**2 + 60*k - 326. Give j(6).
-2
Let k(n) = -7*n - 49. Give k(-9).
14
Let h(g) = g**3 + g - 10. Calculate h(0).
-10
Let v(m) = -16*m**2 + 2*m + 1. Give v(-1).
-17
Let f(i) = -5*i**2 - 2*i + 1. What is f(1)?
-6
Let a(g) = g**3 + 8*g**2 - 10*g - 15. Give a(-9).
-6
Let w(k) = 6*k + 49. What is w(5)?
79
Let m(p) = 4*p - 3. Calculate m(5).
17
Let k(x) = -61*x + 431. What is k(7)?
4
Let d(t) = -34*t**3 - 2*t**2 + 2*t - 1. What is d(1)?
-35
Let o(t) = 12*t + 300. Give o(-25).
0
Let o(l) = -2*l**3 - l**2 + 3*l. Give o(2).
-14
Let t(b) = b**3 - 5*b**2 - 5*b - 8. Determine t(6).
-2
Let b(j) = -j**2 + 15*j - 2. Give b(14).
12
Let d(n) = -2*n**2 + 55*n + 93. Give d(29).
6
Let d(x) = 4*x + 24. Calculate d(6).
48
Let u(r) = -4*r**2 - 5*r + 3. What is u(-1)?
4
Let u(o) = o**2 - 23*o + 141. What is u(12)?
9
Let f(i) = -7*i - 107. Calculate f(-16).
5
Let s(b) = 5*b + 6. Calculate s(2).
16
Let m(c) = -40*c**3 - c**2 + 1. Calculate m(-1).
40
Let g(v) = -v**3 - 5*v**2 + 2*v - 1. Determine g(-6).
23
Let u(h) = 2*h + 5. What is u(-8)?
-11
Let s(f) = -f**2 + 8*f - 8. Determine s(7).
-1
Let g(u) = u**3 - 9*u**2 + 9*u - 7. Give g(6).
-61
Let v(r) = -r**3 + r**2 - 3*r + 4. Give v(3).
-23
Let u(x) = -x**3 + 4*x**2 + 12*x - 41. Give u(5).
-6
Let q(r) = -9*r + 35. Give q(6).
-19
Let f(q) = -q**3 - 6*q**2 - 5*q - 6. Calculate f(-6).
24
Let h(o) = o**3 + 4*o**2 + 2*o - 1. Determine h(-3).
2
Let w(u) = 14*u - 44. Determine w(4).
12
Let g(l) = -l**3 + 6*l**2 - 5*l - 9. Give g(4).
3
Let n(s) = 2*s - 25. Determine n(4).
-17
Let m(j) = j**3 - 5*j**2 + 9. Give m(4).
-7
Let a(f) = f**2 - f + 5. Calculate a(3).
11
Let i(t) = -4*t**2 + 18*t + 33. What is i(6)?
-3
Let z(a) = -a**3 - 3*a**2 + 11*a. Calculate z(-5).
-5
Let j(t) = -t**3 - 8*t**2 - 13*t + 3. Calculate j(-4).
-9
Let m(j) = j**3 + 8*j**2 + 10*j + 8. What is m(-6)?
20
Let i(w) = w**3 - 20*w**2 + 34*w + 14. Give i(18).
-22
Let f(j) = -j**2 + 6*j - 7. Calculate f(6).
-7
Let b(q) = q**3 + 7*q**2 - 2*q - 2. Determine b(-7).
12
Let f(m) = m**2 - 14*m - 53. Give f(16).
-21
Let p(n) = n**3 - 21*n**2 + 33*n - 13. Calculate p(19).
-108
Let b(u) = -2*u**3 + 11*u**2 + 12*u - 46. What is b(6)?
-10
Let t(j) = 36*j - 188. Give t(5).
-8
Let f(m) = -m**3 + 5*m**2 + 16*m - 3. Give f(7).
11
Let c(m) = 112*m**2 - 2*m + 2. Calculate c(1).
112
Let x(a) = 2*a**2 - 17*a + 27. Determine x(6).
-3
Let k(z) = 25*z - 5. What is k(0)?
-5
Let t(a) = a**3 - 11*a**2 - 11*a - 17. What is t(12)?
-5
Let t(j) = 8*j + 63. What is t(-10)?
-17
Let p(a) = 12*a + 18. Calculate p(-1).
6
Let l(s) = s**3 + 3*s**2 + s + 13. Calculate l(-4).
-7
Let i(w) = -2*w**3 - w**2 + w + 4. Determine i(-2).
14
Let f(m) = m**2 - 4. Determine f(0).
-4
Let q(w) = w**3 + 4*w**2 - 5*w + 1. Give q(-4).
21
Let y(o) = 4*o + 53. Determine y(-6).
29
Let p(a) = -2*a**3 - a**2 - 1. What is p(-2)?
11
Let t(u) = u + 79. Calculate t(-22).
57
Let i(t) = -t**3 - 3*t**2 - 9*t + 5. What is i(-4)?
57
Let q(l) = 5*l**2 - 4*l - 8. Calculate q(-2).
20
Let i(d) = 4*d**2 - 10*d - 29. Give i(4).
-5
Let g(x) = -x**3 + x**2 - 4*x + 8. Calculate g(4).
-56
Let i(t) = t**3 + 10*t**2 + 7*t - 2. Determine i(-9).
16
Let r(g) = g**2 + 8*g + 9. What is r(-7)?
2
Let m(y) = -4*y + 63. What is m(14)?
7
Let q(b) = -b**3 + 6*b**2 + 6*b + 6. Give q